{"id":271,"date":"2013-01-13T23:02:11","date_gmt":"2013-01-13T21:02:11","guid":{"rendered":"http:\/\/photozen.org\/?page_id=271"},"modified":"2022-10-16T18:22:37","modified_gmt":"2022-10-16T16:22:37","slug":"accueil-2","status":"publish","type":"page","link":"https:\/\/photozen.org\/","title":{"rendered":"Bonjour ! Hello ! ch\u00e0o h\u1ecfi ! \u0e2a\u0e27\u0e31\u0e2a\u0e14\u0e35 !"},"content":{"rendered":"\n<p>Bienvenue sur PHOTOZEN !<\/p>\n\n\n\n<p><strong><em>\u00ab\u00a0Un voyage de mille milles commence par le premier pas.\u00a0\u00bb<\/em><\/strong> (Lao Tseu)<\/p>\n\n\n\n<div class=\"wp-block-group is-vertical is-layout-flex wp-container-core-group-is-layout-1 wp-block-group-is-layout-flex\">\n<p><strong>Mes photographies sont faites d\u2019opportunit\u00e9s, en marchant et en me laissant surprendre par la sc\u00e8ne qui apparait.<\/strong><\/p>\n\n\n\n<p><strong>Ma pr\u00e9f\u00e9rence va au noir et blanc, aux ombres et \u00e0 la lumi\u00e8re, permettant de voir, de deviner, d\u2019imaginer des parcelles d\u2019histoires.<\/strong><\/p>\n\n\n\n<p><strong>La m\u00e9moire du trajet, de mon trajet, est le fil conducteur des photographies propos\u00e9es ici.<\/strong><\/p>\n\n\n\n<p><strong>Thierry Ravaud <\/strong><\/p>\n<\/div>\n\n\n\n<h6 class=\"wp-block-heading\"><em>&nbsp;<\/em><\/h6>\n\n\n\n<h6 class=\"wp-block-heading\"><\/h6>\n\n\n\n<h6 class=\"wp-block-heading\"><em>En r\u00e9alisant ce site, je n&rsquo;ai pas d&rsquo;autres ambitions que de partager des \u00e9motions et d&rsquo;en conserver le souvenir. <\/em><\/h6>\n\n\n\n<h6 class=\"wp-block-heading\"><em>C&rsquo;est ainsi que Photozen.org est n\u00e9.<\/em><\/h6>\n\n\n\n<h6 class=\"wp-block-heading\"><em>N\u2019h\u00e9sitez pas \u00e0 laisser sur le livre d&rsquo;Or, vos remarques, recommandations et souhaits :<br><\/em><\/h6>\n\n\n\n<h6 class=\"wp-block-heading\"><em>Votre soutien et votre indulgence seront les deux moteurs pour l&rsquo;am\u00e9liorer et le faire vivre.<\/em><\/h6>\n\n\n\n<h6 class=\"wp-block-heading\"><em>Vous trouverez \u00e9galement \u00e7a et l\u00e0 quelques musiques qui accompagneront \u00e0 votre choix ces diaporamas <\/em>.<\/h6>\n\n\n\n<h6 class=\"wp-block-heading\">&nbsp;<\/h6>\n\n\n\n<h6 class=\"wp-block-heading\">&nbsp;<\/h6>\n\n\n\n<figure class=\"wp-block-audio\"><audio controls src=\"https:\/\/photozen.org\/wp-content\/uploads\/2012\/07\/02-rung-xua-da-khep.mp3\" autoplay><\/audio><\/figure>\n\n\n\n<h6 class=\"wp-block-heading\">&nbsp;<\/h6>\n\n\n\n<div class=\"wp-block-group is-vertical is-layout-flex wp-container-core-group-is-layout-2 wp-block-group-is-layout-flex\">\n<p><em>Toutes les photos, du m\u00eame auteur, sont prot\u00e9g\u00e9es par copyright. <\/em><\/p>\n\n\n\n<p><em>Une photo vous int\u00e9resse ? Alors n&rsquo;h\u00e9sitez pas et faites une demande pour un tirage personnalis\u00e9.<\/em><\/p>\n\n\n\n<h6 class=\"wp-block-heading\"><em>Bonne navigation !<\/em><\/h6>\n<\/div>\n\n\n\n<p class=\"has-text-align-center\"><em><strong>&nbsp;Spot<\/strong><\/em><\/p>\n","protected":false},"excerpt":{"rendered":"<p>Bienvenue sur PHOTOZEN ! \u00ab\u00a0Un voyage de mille milles commence par le premier pas.\u00a0\u00bb (Lao Tseu) Mes photographies sont faites d\u2019opportunit\u00e9s, en marchant et en me laissant surprendre par la sc\u00e8ne qui apparait. Ma pr\u00e9f\u00e9rence va au noir et blanc, &hellip; <a href=\"https:\/\/photozen.org\/\">Continuer la lecture <span class=\"meta-nav\">&rarr;<\/span><\/a><\/p>\n","protected":false},"author":1,"featured_media":0,"parent":0,"menu_order":0,"comment_status":"closed","ping_status":"closed","template":"sidebar-page.php","meta":{"ngg_post_thumbnail":0,"two_page_speed":null,"footnotes":""},"class_list":["post-271","page","type-page","status-publish","hentry"],"aioseo_notices":[],"_links":{"self":[{"href":"https:\/\/photozen.org\/index.php?rest_route=\/wp\/v2\/pages\/271","targetHints":{"allow":["GET"]}}],"collection":[{"href":"https:\/\/photozen.org\/index.php?rest_route=\/wp\/v2\/pages"}],"about":[{"href":"https:\/\/photozen.org\/index.php?rest_route=\/wp\/v2\/types\/page"}],"author":[{"embeddable":true,"href":"https:\/\/photozen.org\/index.php?rest_route=\/wp\/v2\/users\/1"}],"replies":[{"embeddable":true,"href":"https:\/\/photozen.org\/index.php?rest_route=%2Fwp%2Fv2%2Fcomments&post=271"}],"version-history":[{"count":23,"href":"https:\/\/photozen.org\/index.php?rest_route=\/wp\/v2\/pages\/271\/revisions"}],"predecessor-version":[{"id":2682,"href":"https:\/\/photozen.org\/index.php?rest_route=\/wp\/v2\/pages\/271\/revisions\/2682"}],"wp:attachment":[{"href":"https:\/\/photozen.org\/index.php?rest_route=%2Fwp%2Fv2%2Fmedia&parent=271"}],"curies":[{"name":"wp","href":"https:\/\/api.w.org\/{rel}","templated":true}]}}